f s(j)?
5, 17
Let a(s) = 2*s - 2. Let x be a(2). Suppose -450 = -5*q - 440. Suppose -2*t - q*w = -w - 17, x*t - 3*w - 13 = 0. What are the prime factors of t?
2
Let z(c) = -c**3 - 17*c**2 + 8*c + 31. List the prime factors of z(-18).
211
Let z(p) = 6*p**2 - 3*p + 2. Let u be z(-3). Let d = u - 22. What are the prime factors of d?
43
Let r(s) be the first derivative of 27*s**2/2 - 5*s + 1. What are the prime factors of r(4)?
103
Let i be 6*(6 + -2) + 4. Let r = 39 - i. What are the prime factors of r?
11
Let y(h) = -h**3 + 7*h**2 - 3*h + 1. Let d be y(6). Suppose 0 = -9*o - d + 199. List the prime factors of o.
2, 5
Suppose 0 - 2 = -3*w - 4*b, b = 5. Let n = w + 11. Suppose n*p = 25, -5*h - 5*p + 91 = -84. What are the prime factors of h?
2, 3, 5
Let d = 2 + -9. Let a = -45 + 76. Let h = a + d. List the prime factors of h.
2, 3
Suppose 0*l - 5*j - 8 = l, -5*l + 48 = 3*j. Suppose 8*m - l*m + 80 = 0. List the prime factors of m.
2, 5
Let h(v) = v**2 - 8*v - 1. Let g be h(2). List the prime factors of 59 + (1 + -1 - (-10 - g)).
2, 7
Let x(k) = -13*k**3 - 5*k - 4. What are the prime factors of x(-3)?
2, 181
Let f(p) be the second derivative of -p**4/12 + 11*p**3/6 - 9*p**2/2 + p. Let s be ((-24)/(-16))/(2/8). What are the prime factors of f(s)?
3, 7
Suppose -41 = 10*s - 11*s. List the prime factors of s.
41
Suppose 3*b + 12 = -18. Let f be (-12)/b*(-20)/(-6). List the prime factors of f + -4 + -3 + 63.
2, 3, 5
Let b(g) = -5*g. Let d = 6 + -8. Let h be b(d). What are the prime factors of -30*(4/h)/(-1)?
2, 3
What are the prime factors of ((-2156623)/1855)/((1 - 2)/5)?
5813
Let h = 152 + -260. Let k be h/(5 - 1) - 1. List the prime factors of 4*-1*238/k.
2, 17
Let g(m) = 4*m + 3. Suppose -c = 4*c + 10. Let h be g(c). List the prime factors of 28 - h/((-10)/(-8)).
2
List the prime factors of 3097 + (7/(-2) - 15/(-30)).
2, 7, 13, 17
Suppose -140 = -4*g + 8*g. List the prime factors of 2*(-4 + 3) - g.
3, 11
Let w(t) = 4 - 4*t**2 + 2*t**2 + 0*t**2 + t**2. Let x be w(0). Suppose 5*r = x*r + 16. List the prime factors of r.
2
Let o be -2*(9/(-6))/(-3). Let p(l) be the second derivative of -17*l**3/3 + 7*l. What are the prime factors of p(o)?
2, 17
Let m(i) = -i**2 - i + 1. Let p be m(2). Let r(f) = f + 10. Let n be r(p). List the prime factors of (n/5)/((-1)/(-17)).
17
Suppose 365*p - 2520 = 360*p. List the prime factors of p.
2, 3, 7
Let i = -370 + 627. What are the prime factors of i?
257
Suppose -5*b + 3*h - 4*h = -407, 4*h = 3*b - 258. Suppose 10*c + b = 12*c. What are the prime factors of c?
41
Let a = 137 - 76. Suppose -2*j + a = -5*t, -4*j = -3*t - 0*t - 87. List the prime factors of j.
2, 3
Let a(f) = -41*f**2 + 86*f**2 - 44*f**2 - 6 + 0*f + f. Let q(j) = 2*j - 3. Let z be q(4). List the prime factors of a(z).
2, 3
Let i(p) = -p**2 + 3. Let d be i(0). Let f be (16 + -18)/((-1)/2). Suppose d*t - 2*j + 3*j = 78, f*t - 104 = 2*j. List the prime factors of t.
2, 13
What are the prime factors of 18/3 - (-744 - -15)?
3, 5, 7
Let p = 174 - -1476. List the prime factors of p.
2, 3, 5, 11
Suppose -5*i - 5*h + 25 = -2*i, -4*i - 5*h + 35 = 0. Suppose i - 3 = z. List the prime factors of z.
7
Suppose 0 = -93*q + 8974 + 93605. What are the prime factors of q?
1103
Suppose -14*z = -343 - 791. Let n = z - 45. List the prime factors of n.
2, 3
Suppose -19 = 2*s + 11. Let k be 80/s*66/(-8). Suppose -y + 52 = i + i, i = -5*y + k. List the prime factors of i.
2, 3
Let k be (-3 + 6)/(6/(-16)). Let c = 99 + k. What are the prime factors of c?
7, 13
Let n(u) = -u**3 + u**2 - u + 9. Let m be n(0). Let o be (-9)/6 + 2/4. What are the prime factors of (-6 + 5)/(o/m)?
3
Suppose 108*x + 3640 = 122*x. What are the prime factors of x?
2, 5, 13
Let a(d) = -d**3 + 13*d**2 - 11*d - 4. Let n be a(10). Let r = n - 42. List the prime factors of r.
2, 3
Suppose 0 = -2*m - 0*m + 70. Let a = m - -11. Suppose f + f = a. What are the prime factors of f?
23
Let u be 42/(-56)*6*-2. Suppose -2*p - 1008 = -u*p. Suppose 4*k - p = k. What are the prime factors of k?
2, 3
Suppose 6 = 7*m - 5*m. Let d(i) = -i - 5 + 0*i + 3*i - 5*i - 7*i**3 - m*i**2. List the prime factors of d(-2).
3, 5
Let r = 92 - 176. Let u = 171 + r. List the prime factors of u.
3, 29
Suppose 36 = -0*d + 3*d. Suppose 3*x + 594 = d*x. List the prime factors of x.
2, 3, 11
What are the prime factors of ((-1546)/12)/((-16)/96)?
773
Let p be (0 + -1 + 0)*(-21)/(-3). Let g = p - -108. List the prime factors of g.
101
Suppose -3*v - 47 = 2*x - 6, 5*v = 2*x + 65. Suppose -3*m - 9 = 0, -13 = -5*p + m + 215. Let w = x + p. List the prime factors of w.
2, 5
Let o = -1416 + 1508. What are the prime factors of o?
2, 23
Let w(x) = -x**2 + 9*x + 8. Let r(y) = y**3 - 5*y**2 + 8*y + 1. Let u be r(3). What are the prime factors of w(u)?
2, 11
Suppose 21*h - 17*h = 20. Suppose -3*t = 4*i - 178, h*t + i - 239 - 52 = 0. List the prime factors of t.
2, 29
Let a = -439 + 599. What are the prime factors of a?
2, 5
Let f(h) be the first derivative of h**3/3 + 4*h**2 + 5*h - 52. Let i be (2/4)/(1/(-22)). What are the prime factors of f(i)?
2, 19
Suppose -n - 11 = 2*i, 132 = -5*n + 2*i + 53. Suppose 4*a = 2*b - 10, 2*b - 9 = -b + 3*a. List the prime factors of 16 + n + b + 0.
2
Let p(a) = 7*a + 4. Let l(b) = -22*b - 11. Let r(f) = -3*l(f) - 8*p(f). Let h be r(-2). Let i = 36 + h. What are the prime factors of i?
17
Suppose -u + 606 = -0*u - 5*h, -5*u + 2918 = 3*h. List the prime factors of u.
2, 293
Let s(p) be the second derivative of -p**4/12 - 5*p**3/3 + 23*p**2/2 - p. List the prime factors of s(-10).
23
Suppose -5*u + v = -6, -4*v - 4 + 1 = u. Let p = 5 - u. Suppose -p*m = 5*c - 336, -c - 200 = -4*c - 2*m. List the prime factors of c.
2
Suppose -2*p - p - 5*c - 18 = 0, p - 5 = 2*c. What are the prime factors of (-186)/8*4/p?
3, 31
Suppose 215 = 9*o - 172. Suppose -113 = 5*u - 3*a, 0 = -2*u - 2*a - 2*a - 66. Let r = u + o. List the prime factors of r.
2, 3
Let i = -78 + 145. Suppose -2 = -t + 23. Let j = i - t. List the prime factors of j.
2, 3, 7
Suppose -31 = -b - 10. Suppose -5*a = b - 56. Suppose 40 = 8*x - a*x. List the prime factors of x.
2, 5
Suppose -13946 - 7528 = -5*h + 3*m, -8589 = -2*h + m. List the prime factors of h.
3, 53
Suppose 3*n = -5 - 7. Let j be 1/(-3*(-1)/3). What are the prime factors of (-8)/n + 13*j?
3, 5
Suppose -16 + 89 = l. Suppose 6*d + l = 865. Suppose d = -c + 5*c. List the prime factors of c.
3, 11
Let z(u) = u**3 - 6*u**2 + 4*u + 8. Let r be z(5). Suppose 0 = g + 5*k - 69, -r*g + 0*g - k + 235 = 0. What are the prime factors of g?
79
Let v = 779 + -401. What are the prime factors of v?
2, 3, 7
Let k(r) = 154*r**3 + 3*r**2 - 10*r + 24. What are the prime factors of k(2)?
2, 3, 13
Suppose 31*n - 3393 = -3*u + 29*n, n = -u + 1130. What are the prime factors of u?
11, 103
Let l be ((-12)/18)/(((-8)/(-30))/(-2)). List the prime factors of -2*-7*(l - 3).
2, 7
Let d(p) = -p**3 + 8*p**2 + 4*p - 8. Let z be d(6). Suppose z + 112 = 4*j. Suppose 135 = 5*f + 5*i, 3*f - 3*i - 25 = j. What are the prime factors of f?
2, 13
Suppose 3*d = 5*d - b - 818, b = -4. What are the prime factors of d?
11, 37
Suppose 2*l = -2*j - 2*j - 58, -42 = 3*j + l. Let n = -11 - j. Suppose m - n*m + 12 = 0. What are the prime factors of m?
2, 3
Let l(v) = -v**2 + 2*v. Let t be l(2). Suppose 2*r - 4 = -t. Suppose -60 = -r*x - x. What are the prime factors of x?
2, 5
Let g(z) = z**2 - 2*z - 6. Let b be g(4). Suppose -5*k + 12 = b, -246 = -2*l + k. List the prime factors of l.
2, 31
Suppose -3*m - 3*i - 21 = 0, 2*m - 8 = 4*i + 2. Let x = m - -113. What are the prime factors of x?
2, 5, 11
Let t(a) be the second derivative of 1/12*a**4 - 7*a + 5/2*a**2 + 1/6*a**3 + 0. What are the prime factors of t(4)?
5
Let k(r) = -r + 9. Let y be k(4). Suppose 2*n = y*n - 30. What are the prime factors of n?
2, 5
Suppose -3*b + 2*w + 22 = 0, b - 3 = -4*w + 9. Suppose b*m - 180 = -2*z + 4*m, z - 4*m - 108 = 0. List the prime factors of z.
2, 3
Suppose 31*y - 34*y + 291 = 0. Let v = -56 + y. List the prime factors of v.
41
List the prime factors of (3 + -65)*(-21 + 11).
2, 5, 31
Let i(g) = 3*g**2 + g + 12. Let r(k) = 4*k**2 + 2*k + 13. Let w(a) = -5*i(a) + 4*r(a). What are the prime factors of w(6)?
2, 23
Let y = -4 - -19. List the prime factors of -3*(-5)/y*53.
